39721780?
True
Is 352196641 a multiple of 5542?
False
Does 105 divide 2169811274?
False
Does 11 divide 3423759099?
False
Does 33 divide 123238571?
False
Does 13 divide 58808932?
True
Does 175 divide 52407461?
False
Is 7 a factor of 1229373006?
False
Is 784398879 a multiple of 1504?
False
Does 1341 divide 29827863?
True
Is 1684428 a multiple of 4?
True
Is 261405858 a multiple of 903?
True
Is 26234583 a multiple of 49?
False
Is 5610070 a multiple of 201?
False
Does 155 divide 18596590?
True
Is 509 a factor of 2811216719?
False
Is 79100288 a multiple of 64?
True
Is 41886678 a multiple of 25?
False
Does 3 divide 467251?
False
Does 65 divide 118254775?
False
Is 476711953 a multiple of 59?
False
Does 8 divide 18368348?
False
Does 11036 divide 1734804020?
True
Does 24 divide 41342713?
False
Is 35 a factor of 8202075?
True
Is 175 a factor of 113011150?
True
Is 13466016 a multiple of 72?
True
Is 87999800 a multiple of 140?
True
Is 2728 a factor of 110533104?
True
Is 123986811 a multiple of 647?
False
Is 75156317 a multiple of 183?
False
Does 89 divide 1942576478?
True
Is 117 a factor of 1480112361?
True
Does 29 divide 16961485?
False
Is 6 a factor of 166267850?
False
Is 3 a factor of 717475127?
False
Does 151 divide 59833429?
False
Is 211167406 a multiple of 72?
False
Does 1092 divide 905166015?
False
Is 2236907868 a multiple of 13?
True
Does 1301 divide 1487872369?
False
Is 6 a factor of 420918189?
False
Does 18 divide 1820420010?
True
Is 301585928 a multiple of 63?
False
Is 8 a factor of 272957094?
False
Does 15 divide 1007719089?
False
Is 11 a factor of 76385255?
False
Is 240 a factor of 1989903356?
False
Is 525367836 a multiple of 21?
True
Is 4210817 a multiple of 2571?
False
Is 80 a factor of 445881440?
True
Does 2135 divide 4147912160?
True
Does 9 divide 15679612?
False
Is 10 a factor of 202120?
True
Is 89077795 a multiple of 19?
True
Is 1130146633 a multiple of 77?
True
Does 10 divide 188898039?
False
Is 627 a factor of 480319620?
True
Is 6191 a factor of 336048638?
False
Is 1004574982 a multiple of 470?
False
Is 37 a factor of 1687722810?
True
Is 494076232 a multiple of 119?
False
Does 1005 divide 1811900785?
False
Is 3250700096 a multiple of 64?
True
Is 30 a factor of 4218507002?
False
Does 68 divide 245837137?
False
Is 414382799 a multiple of 20?
False
Is 1741467516 a multiple of 20?
False
Is 1665329611 a multiple of 196?
False
Does 19 divide 15160091?
False
Is 309 a factor of 9460545?
False
Does 49 divide 112564123?
True
Is 2496 a factor of 669175002?
False
Is 10 a factor of 580185351?
False
Is 97023225 a multiple of 2865?
True
Does 1251 divide 1381300407?
True
Does 14 divide 16232229?
False
Is 72022632 a multiple of 8?
True
Is 7 a factor of 20646136?
True
Is 747461134 a multiple of 17?
True
Is 4438198 a multiple of 2?
True
Is 15752464 a multiple of 403?
True
Is 344406614 a multiple of 2899?
False
Is 6076196 a multiple of 29?
True
Is 24622290 a multiple of 38?
True
Is 1180 a factor of 51801395?
False
Is 340783110 a multiple of 318?
True
Is 2031870320 a multiple of 146?
True
Is 14444208 a multiple of 6?
True
Does 11 divide 163699481?
True
Is 68837418 a multiple of 651?
False
Does 655 divide 315195332?
False
Is 284653546 a multiple of 65?
False
Is 483349056 a multiple of 296?
True
Is 276 a factor of 473728884?
True
Does 1156 divide 7322104?
True
Does 1366 divide 2711022522?
False
Is 986 a factor of 59907588?
False
Does 2 divide 1671984?
True
Is 19492034 a multiple of 7?
False
Is 3 a factor of 18824901?
True
Does 60 divide 199305000?
True
Is 55080165 a multiple of 169?
False
Does 964 divide 135295472?
True
Does 3513 divide 48029871?
False
Does 6 divide 1590444569?
False
Is 75156347 a multiple of 511?
True
Is 3917 a factor of 88512449?
True
Is 729 a factor of 18096696?
True
Is 38813604 even?
True
Does 552 divide 30565968?
False
Does 164 divide 13884611?
False
Does 25 divide 87305149?
False
Is 4590054 a multiple of 14?
True
Is 56298543 a multiple of 137?
False
Is 72 a factor of 26449488?
True
Is 2099559071 a multiple of 535?
False
Is 426 a factor of 76274874?
True
Does 64 divide 80959889?
False
Is 4915708998 a multiple of 753?
True
Does 1058 divide 246258388?
False
Does 1346 divide 2924153649?
False
Is 2088 a factor of 43641288?
True
Does 115 divide 34933484?
False
Does 273 divide 331434618?
False
Does 1906 divide 123809822?
False
Is 208 a factor of 2462720?
True
Is 20 a factor of 261230800?
True
Is 8 a factor of 5488442?
False
Is 116 a factor of 427474616?
True
Is 2 a factor of 2017044?
True
Is 71743500 a multiple of 30?
True
Is 41 a factor of 879355764?
False
Is 256 a factor of 8287655?
False
Is 545097188 a multiple of 166?
True
Does 9731 divide 3084356644?
False
Is 231 a factor of 48091726?
False
Is 13 a factor of 4018971132?
False
Does 3168 divide 534670029?
False
Is 4639983837 a multiple of 2923?
False
Is 3659248 a multiple of 16?
True
Is 19449856 a multiple of 1024?
True
Is 40997644 a multiple of 1132?
True
Does 33 divide 136394677?
False
Is 1917 a factor of 24859656?
True
Does 115 divide 6186540?
True
Is 97 a factor of 50411094?
True
Does 4 divide 25468602?
False
Is 388 a factor of 179350672?
True
Is 390636810 a multiple of 18?
True
Is 4920096 a multiple of 212?
True
Is 3510289770 a multiple of 26?
True
Is 72702790 a multiple of 115?
False
Is 4673979574 a multiple of 1133?
False
Is 8088554460 a multiple of 3491?
False
Is 36 a factor of 29847312?
True
Does 6010 divide 3308450910?
True
Is 13032477 a multiple of 8?
False
Does 3675 divide 17415825?
True
Is 4 a factor of 564390912?
True
Is 741750262 a multiple of 101?
True
Does 25 divide 49785300?
True
Is 2413 a factor of 2005762816?
True
Is 90983231 a multiple of 1660?
False
Is 237 a factor of 200399761?
False
Does 346 divide 354385310?
True
Is 184 a factor of 23437784?
False
Is 140 a factor of 149046520?
True
Is 18145064 a multiple of 1784?
True
Does 31 divide 108031714?
True
Is 3 a factor of 27731510?
False
Is 204876180 a multiple of 82?
True
Is 976 a factor of 572912?
True
Is 152 a factor of 106306064?
True
Is 27047720 a multiple of 140?
True
Does 346 divide 87073385?
False
Is 778 a factor of 1461728962?
True
Is 428586310 a multiple of 25?
False
Does 10519 divide 493130720?
True
Is 7862000 a multiple of 1000?
True
Is 376 a factor of 25975208?
True
Does 29 divide 389666063?
False
Is 7 a factor of 36167948?
False
Is 7 a factor of 187273715?
False
Is 139 a factor of 41922956?
True
Is 29 a factor of 21759454?
True
Is 476 a factor of 847893229?
False
Does 18 divide 88469766?
True
Is 418769378 a multiple of 259?
False
Is 1163952 a multiple of 48?
True
Is 27 a factor of 159896070?
False
Is 12 a factor of 1490791121?
False
Is 199 a factor of 437004995?
True
Is 95133126 a multiple of 4115?
False
Does 3185 divide 188172985?
True
Is 214349957 a multiple of 2948?
False
Does 107 divide 483649906?
False
Does 4504 divide 8877455?
False
Does 4 divide 28361836?
True
Is 170 a factor of 69033260?
True
Is 12 a factor of 615442284?
True
Is 243346 even?
True
Is 366 a factor of 5588088?
True
Is 31475900 a multiple of 20?
True
Is 1633701864 a multiple of 554?
False
Does 224 divide 5134976?
True
Is 367 a factor of 95845052?
False
Is 1909325786 a multiple of 118?
True
Is 328 a factor of 49214636?
False
Is 1516156 a multiple of 539?
False
Is 1276510248 a multiple of 4?
True
Is 593 a factor of 2120363017?
False
Is 6 a factor of 16235574?
True
Does 197 divide 1843679?
False
Does 54 divide 2273479?
False
Is 5875874 a multiple of 262?
True
Does 1452 divide 486649416?
True
Does 186 divide 85008324?
True
Is 78 a factor of 1160195381?
False
Does 44 divide 48802988?
False
Does 202 divide 370065212?
True
Is 38 a factor of 99169132?
True
Does 6 divide 15225690?
True
Is 642886788 a multiple of 986?
False
Is 805 a factor of 123396716?
False
Is 389303694 a multiple of 44?
False
Is 470306684 a multiple of 127?
False
Is 814890 a multiple of 23?
True
Does 10 divide 4060576?
False
Does 770 divide 187006820?
True
Is 2109 a factor of 53056113?
True
Does 21 divide 38262958?
False
Does 751 divide 751862480?
False
Does 37 divide 80247709?
True
Is 24227664 a multiple of 262?
True
Is 315514661 a multiple of 11?
True
Is 73014148 a multiple of 539?
False
Is 58 a factor of 26052266?
True
Does 140 divide 1017197300?
True
Is 1218 a factor o